 Let h = -4 + 6. Let u(f) = -h*f + 5*f + f**2 + 3*f. Determine u(k).
-5
Suppose -5*r + 3 + 2 = 0. Let o(u) = 3*u**3 - u**2 - u + 3. Suppose -6*b + 2 = -4*b. Let p(m) = -1. Let y(t) = b*o(t) + 2*p(t). Give y(r).
2
Let j(m) = m**2 - 3*m + 2. Let a be j(2). Suppose -4*z - 4 + 15 = -3*h, 2*h = -2*z + 2. Suppose a = t + z - 3. Let w(q) = -5*q - 1. Determine w(t).
-6
Let c(a) be the third derivative of a**2 + 7/60*a**5 + 1/24*a**4 + 0 - 1/6*a**3 + 0*a. Calculate c(1).
7
Suppose -4*n + 24 = 2*d + n, -4*d - n + 12 = 0. Let l(s) = -3*s**3 + 5*s**3 + 2*s**2 - 3*s**d - s + 2*s**2. Give l(1).
2
Let h(a) = -2*a**3 + 8*a**2 - 1. Let l(c) = -c**3 + 4*c**2. Let b(k) = 3*h(k) - 7*l(k). Determine b(4).
-3
Let u(c) be the third derivative of 0 + 1/10*c**5 - 1/12*c**4 - c**2 + 7/6*c**3 - 1/120*c**6 + 0*c. Suppose 4*w - 27 = 3*h, 23*h + 3 = 20*h. Determine u(w).
-5
Let z(s) = -s**2 + 3*s**2 + 20*s - 17*s. Calculate z(-2).
2
Let f(q) be the third derivative of 0*q**3 + 0 + 0*q - 1/24*q**4 + 2*q**2. Suppose -5*k + 0*x + 4 = -2*x, 12 = 4*x. Determine f(k).
-2
Let t(h) = -h**2 - h. Let d be t(1). Let n = d - -6. Let u(p) = -1 + 2*p**2 - 4*p + 6 + 3*p**2 - p**3. What is u(n)?
5
Let w(s) = -2*s - 9. Let l be w(-5). Let j be 2/(-4) - (-10)/4. Let m(p) = 0*p + l - 5*p - 7*p**j + 2*p**2 + 4*p**2. Determine m(-4).
5
Let l be ((-2)/(-4))/((-5)/(-30)). Let c(m) = -m**3 + 2*m**2 - m + 1. Calculate c(l).
-11
Let j(f) = 3*f**2 + 21*f - 19*f - 2 + 3 + 0*f**3 - f**3. Calculate j(3).
7
Let n(j) = 2*j + 10. Let o be (-24)/192 + 55/(-8). Calculate n(o).
-4
Let o be ((-3)/(-2))/(3/4). Let i(j) = 0*j**2 + 37 - j**2 - j**o - 35. Give i(-2).
-6
Let l(s) be the first derivative of -s**2 - 4*s - 1/6*s**3 + 4. Let r(b) be the first derivative of l(b). What is r(4)?
-6
Suppose 21 = 5*h + 4*i, 10 + 0 = 2*h + 2*i. Let q(r) = 0 + 4*r + h + 0. Let t(d) = -d - 10. Let l be t(-9). Determine q(l).
-3
Let n(j) = -j**2 - 9*j + 47. Let d be n(-13). Let i(y) be the second derivative of 0 + y + 2*y**2 + 1/12*y**4 + 4/3*y**3. What is i(d)?
-11
Let n(x) = -2*x - 3. Let a(i) = -2*i - 11. Let w be a(-8). Suppose 2*h - 6 = 2*m - h, w*m = 5*h - 20. Give n(m).
9
Let o = -30 + 26. Let y(h) = -h**3 - 6*h**2 - 3*h - 1. Calculate y(o).
-21
Let s(z) = -7*z**3 - 9*z - 6. Let a(j) = 6*j**3 + j**2 + 7*j + 4. Let m(b) = 4*a(b) + 3*s(b). Let p = -3 + 1. Determine m(p).
-12
Let l(f) = 1 - 2*f**3 - 4*f + 3*f - f**3. Let k be 7/5 - (-14)/(-35). What is l(k)?
-3
Let d be (-1*(-6)/3)/(-2). Let l(p) = -3*p**2 - 6 + 15*p + 6 - 14*p. Determine l(d).
-4
Let y(w) = -3*w - 4. Let o(d) = -d - 2. Let s(x) = -4*o(x) + y(x). Let h = 8 - 4. Calculate s(h).
8
Let r = 4 + 4. Suppose -4*p = -r*p. Let m(s) = -s**2 + s - 6. What is m(p)?
-6
Let o(m) = m**2 + 4. Suppose 2 - 11 = 3*f. Let p = f + 3. What is o(p)?
4
Suppose -32 = -4*d - 0*d. Let o(w) = -w**3 + 8*w**2 + 3. Let m be o(d). Let t(z) = z + 2. Give t(m).
5
Let l(n) = -3*n**2 - 9*n + 2*n - n**2 + 5*n**2. Let y = -29 + 34. Give l(y).
-10
Let q(g) = 5*g - 2*g + 0 + 2 + 3*g**2 - 2*g. Give q(-2).
12
Let b(t) be the third derivative of -t**5/60 + 15*t**2. What is b(1)?
-1
Let v(j) = -2*j**3 - 2*j**2 + 3*j + 3. Suppose o = -2*o + 12. Suppose -4*t - 5 = -5*p - 0, 4*t = o*p - 4. Suppose -6*s + 4*s - 4 = t. Determine v(s).
5
Let s(u) = u**3 + 12*u**2 - u - 9. Suppose 4*d - d - 57 = 4*v, 2*v - 2*d = -30. Determine s(v).
3
Let j(p) = 1 - 4*p + 5 - 2 + 6*p. Let k be j(-3). Let a(f) = 6*f - 3. Let g(x) = -5*x + 2. Let n(c) = -4*a(c) - 5*g(c). What is n(k)?
0
Let x = -225 - -231. Let a(w) = -w**3 + 6*w**2 - w + 3. Let b(r) = r**3 - 6*r**2 + r - 2. Let n(i) = 2*a(i) + 3*b(i). What is n(x)?
6
Let v(a) = a**3 + a**2 + 2*a + 2. Suppose 35 = 5*f - 5*o, 2*f + 3*f - 15 = o. Suppose -3*i - 3*q = -q - 2, q - 8 = f*i. Calculate v(i).
-6
Let n(o) be the third derivative of o**4/24 - o**3/6 + 6*o**2. Let a(q) = 5*q**2 - q + 4*q**3 - 5*q**3 - 1 - 1. Let j(i) = a(i) - 2*n(i). Determine j(4).
4
Let m(x) = -x**2 - x + 1. Let t(p) = 0*p + 10*p**2 + 9 - 3*p + 2*p - p**3. Let l be t(10). Let y be (l/(-2))/((-1)/2). Calculate m(y).
1
Let q(m) = 9*m**2 - 10*m + 3. Let w(z) = 5*z**2 - 5*z + 1. Let o(x) = 6*q(x) - 11*w(x). Give o(-5).
7
Let t(z) = z**3 + 5*z**2 - z + 3. Let i be 4 - 0/3 - 2. Suppose 4*l = 12, 4*l = 3*d + i*d - 153. Let k be 4/(-14) - d/7. Determine t(k).
8
Let u(b) = b - 2. Let g(a) = a - 2. Let x(m) = -6*g(m) + 7*u(m). Give x(6).
4
Let b(c) = c + 4. Let m(u) = -u - 3. Let p(v) = -2*b(v) - 3*m(v). Let s(z) = -z - 2. Let q(d) = 5*p(d) + 4*s(d). Calculate q(4).
1
Let z(x) = -2*x**2 + x + 1. Let t be z(-1). Let v(u) = 7*u**2 - 4*u**3 + 2 + 3*u + u**3 - 4*u**2 + 4*u**3. What is v(t)?
0
Suppose -5*l + l - 16 = 0. Let r(m) = m**3 + 5*m**2 + 3*m - 4. Calculate r(l).
0
Let f(z) = -z**2 - 5*z - 1. Let i(n) = n**3 - n**2. Let p(c) = c**2 + 6*c + 4. Let s be p(-5). Let q be i(s). What is f(q)?
5
Suppose 4 = -u, -5*v + 2*u + 61 = -2*u. Let d(k) = -9*k - 9. Let t(r) = 1. Let z(q) = v*t(q) + d(q). Let y = 2 - 1. Give z(y).
-9
Let p(q) = 3*q**2 - q - 2. Let v(w) = -w**2 - w + 1. Let i be 5 - (-3)/(3*-1). Let d = -3 + i. Let l(z) = d*v(z) + p(z). What is l(-1)?
3
Suppose -2*u = u - 15. Let g = 3 - 1. Let k(n) = -n**g - 2 + 8*n + 7 - 4*n. Calculate k(u).
0
Let f(k) = -4*k**2 - k + 6. Let t be 24/84 + (-18)/14. Let c(l) = -l**2 + 1. Let i(y) = t*f(y) + 6*c(y). Calculate i(1).
-1
Let r(w) = 7*w**3 + 7*w**2 + 19*w + 8. Let n(z) = -3*z**3 - 3*z**2 - 9*z - 4. Let p(j) = -9*n(j) - 4*r(j). What is p(-3)?
7
Suppose 20 = 2*n - 4*f, 0 = -4*n - 3*f - 6 - 9. Let w(u) = -u**3 - u + 19. Determine w(n).
19
Let t(h) = -2*h + h**2 - 3*h - 4*h + h - 1. Give t(8).
-1
Let z(c) = -c**3 - 3*c - 2. Let a be z(-1). Let i(n) be the third derivative of 0 + 1/6*n**3 + 0*n - n**a - 7/24*n**4. Determine i(1).
-6
Let o(b) = b - 7. Let u(q) = -7*q + 2. Let l be u(1). Determine o(l).
-12
Let k(r) be the third derivative of r**4/8 + r**3/3 - 39*r**2. Let s(i) = i**2 + 1. Let o be s(1). Give k(o).
8
Let x(r) = r + 1. Let i(a) = -a**3 - 5*a**2 + 3*a - 2. Let c(k) = -i(k) + 5*x(k). Let m = -251 + 246. Determine c(m).
-3
Suppose -7*o = -2*o - 15. Let s(w) = 1 - 6 - w - w**o + 9*w**2 - 6*w. Let p be s(8). Let d(t) = -t**3 + 3*t**2 - 3*t - 1. Calculate d(p).
-10
Suppose -2*u = 10 - 24. Let o(t) = t**3 - 8*t**2 + 9*t - 7. Give o(u).
7
Suppose -13*r = -12*r - 4. Let b(y) = -y**2 + 3*y - 3. Determine b(r).
-7
Let b(n) be the first derivative of -n + 3/2*n**2 + 1/3*n**4 - 1/20*n**5 - 1/2*n**3 - 2. Let s(c) be the first derivative of b(c). What is s(3)?
3
Let h(t) = -2*t**2 + 11*t + 8. Let c(d) = 3*d**2 - 21*d - 15. Let l(z) = -3*c(z) - 5*h(z). Calculate l(-6).
-7
Suppose 3*m + 3*k = -0*k, 2*m = 4*k + 18. Let v(f) = f**m + 0 + 1 + 0. Suppose -17 = -3*c + 5*o, 0 = -2*c - 2*o - 2*o - 18. Calculate v(c).
0
Let x(f) = 5*f - 1. Suppose 7*u - 4*u = -18. Let c(k) = k + 14. Let d(r) = 1. Let i(o) = c(o) - 6*d(o). Let w be i(u). What is x(w)?
9
Let d be 3*((-4)/3 - -2). Let t(c) = -2 - c**3 + 8 - 5*c + d*c**2 + 4*c**2. Let n be 3/(108/(-6)) + (-31)/(-6). Determine t(n).
6
Let g(m) = -3*m + 3. Let s(i) = 2*i - 3. Let j(o) = -4*g(o) - 5*s(o). Suppose -2*u - 6 = -2. Calculate j(u).
-1
Suppose 2*c - 2*k = 0, -19 = 2*c - 5*k - 7. Suppose -8 - 4 = -c*d. Let m(x) be the third derivative of x**5/60 - x**4/24 - 2*x**3/3 - 2*x**2. Determine m(d).
2
Let m(u) = u. Let l = -34 - -22. Let b be 68/l - 2/(-3). What is m(b)?
-5
Let y(n) be the third derivative of -n**5/60 - 5*n**4/24 - 7*n**3/6 + 2*n**2. Let l(c) = c**3 + 5*c**2 + 5*c + 20. Let s be l(-5). Calculate y(s).
-7
Let m = 7 + -8. Let p = 1 + 4. Let r(u) = -p - u**2 + 5. Determine r(m).
-1
Let r = 9 + -6. Suppose -i = -5, -3*n - r*i + 1 = -5. Let a(m) be the second derivative of -m**5/20 - m**4/4 - m**3/6 - 2*m**2 - 2*m. What is a(n)?
-1
Let l(n) = n**3 - 7*n**2 + 2*n - 9. Let r be l(7). Suppose -f + 4 = -4*v + f, -v - 6 = -3*f. Let j(z) = z - z**2 + 5*z + v - 7. Calculate j(r).
-2
Let m(x) = -5*x**2 - 2*x**2 - 8*x**2 + 9*x**2 + x**3 + 6. Calculate m(6).
6
Let l(r) = r + 7. Let a be l(-10). Let d(h) = 2*h - 1 + 0 + 5*h**2 + h**3 + 5 - 2. Give d(a).
14
Suppose 4*u - 8 = -0*u. Let x = -3 + 5. Let a(l) = 4*l**2 + 2 + 0*l + l - 3*l**x. Give a(u).
8
Let s(x) be the second derivative of x**4/4 + x**3/6 + 2*x. Let q be (-6)/(-2) -